digit of y/2 + 5/10?
3
Let y(o) = o**3 - 11*o**2 + o - 5. What is the tens digit of y(12)?
5
Let m(w) = w - 8. Let k be m(8). Suppose k = -x - x + 14. What is the units digit of x?
7
Let d(p) = -p**3 - p**2 + p + 3. Suppose -w = 5*c + 2, 7 = 4*c + 5*w + 17. What is the units digit of d(c)?
3
Let s(w) = -w**3 - 6*w**2 + 9*w + 10. Suppose -5*l + 5*o - 38 = 22, -5*o + 18 = l. Let k be s(l). What is the units digit of k/18 + (-114)/(-27)?
4
Let y = 1 - 5. Let i = y + -2. What is the units digit of (-34)/i + 2/6?
6
Let f = -58 + 30. Suppose -11 = 5*v - 1. What is the units digit of 5/((-10)/f) + v?
2
Let v = 21 + -2. Suppose 2*k + 5 - 17 = 0. Let p = v - k. What is the units digit of p?
3
Let i(g) = 9*g + 17. Let q(v) = -10*v - 18. Let r(s) = -5*i(s) - 4*q(s). What is the tens digit of r(-12)?
4
What is the hundreds digit of 47/(-1*5/(-15))?
1
Let r = 11 + -15. What is the units digit of 18*(6/r + 2)?
9
Let w be (-1)/(0 - 1) + 2. Let k = 3 - w. Suppose 0 = j - 3 - k. What is the units digit of j?
3
Suppose -5 = -2*y + 25. What is the tens digit of y?
1
Let h = 77 - -1. Suppose 0 = 5*n - 247 - h. Suppose 12*g = 7*g + n. What is the tens digit of g?
1
Let a be (-6)/(-4)*(-115 + 5). Let k = 0 + -6. What is the units digit of (-2)/((-5)/(a/k))?
1
Suppose 12 + 32 = -2*d. Let c be 1/(d/(-10) - 2). Suppose 4*t - c = 15. What is the units digit of t?
5
Let d = -16 - -45. Let y = 48 - d. What is the tens digit of y?
1
What is the units digit of (2986/12 - (-2)/12) + -3?
6
Let m(q) = -q - 3. Let o be m(-4). Let f(i) = -4*i + 50*i**2 + 4*i - 31*i**2. What is the units digit of f(o)?
9
Let m = 3 + 0. Suppose 4 = -v - m*v. What is the units digit of (-28)/(-4) + v*2?
5
Let b = -4 + 7. Let j(h) = -h**2 + h. Let d be j(b). Let u = 17 + d. What is the units digit of u?
1
Let k(g) = -g**2 - 2*g - 1. Let t be k(-1). Suppose -x + 15 = 4*j, t = -2*x - j - j + 12. Suppose x*f = 2*f + 2. What is the units digit of f?
2
Suppose -3*j + 4*p + 120 = 0, 4*j - 2*p - 3*p - 159 = 0. What is the tens digit of j?
3
Let x = -4 + 2. What is the tens digit of -2 + 0 - 24/x?
1
Let x be (0 - 0) + -1 - -2. Let w = x - -20. What is the tens digit of w?
2
Suppose -f + 8 + 2 = 0. Let m(o) = o + 1. Let v be m(4). Suppose -3*w + v*g = 2*w - 50, w - 3*g - f = 0. What is the tens digit of w?
1
Let m = 48 - 9. What is the units digit of m?
9
Let v be (3 + (-3)/3)*2. Let p(k) = -k**2 + 0*k**2 - 5 - k + 8*k. What is the units digit of p(v)?
7
Let q be ((-2)/3)/((-4)/18). What is the units digit of (q + 2 + -4)/1?
1
What is the tens digit of 26 + -1 + (5 + -4)*-4?
2
Let k(y) = -y**2 - 5*y + 10. Let m be k(-7). Let s(f) be the third derivative of -f**4/8 + f**3/6 + f**2. What is the tens digit of s(m)?
1
Suppose 3*g - 9 = -0. Let s be (9/g + 0)*7. Let x = -7 + s. What is the units digit of x?
4
What is the tens digit of (-1682)/(-15) - 14/105?
1
Suppose p - 5*p + 152 = 0. What is the tens digit of p?
3
Let a(n) = -11*n**2 - 1. Let j be a(-1). What is the units digit of (1 + 1)*j/(-3)?
8
Suppose 4*d = f + 498 + 459, 1175 = 5*d + 3*f. What is the hundreds digit of d?
2
What is the units digit of (-16)/(-4) + (158 - -4)?
6
Let d(a) = 4*a**3 - a**2 + 4*a - 3. Let o be d(2). Let n = o - -1. What is the tens digit of n?
3
Suppose w + 3*w - 112 = 0. Let a = 22 + w. What is the tens digit of a?
5
What is the units digit of (-4)/(-6) + 426/9?
8
Let b = -144 - -221. Let u = b - 39. What is the tens digit of u?
3
Let h(l) = 2*l - 4. Suppose 3*v + 0*v = 9. Let k be h(v). Let z(c) = c**2. What is the units digit of z(k)?
4
Suppose -3*g - 127 = -562. What is the hundreds digit of g?
1
Let a(p) = -p**3 + 5*p**2 - 4*p + 7. What is the units digit of a(4)?
7
Suppose -2*x + 6 = -26. Let k = 39 - x. Let q = k - 16. What is the units digit of q?
7
Suppose -5*b + 6*b = 93. What is the units digit of b?
3
Let x = -26 - -59. Suppose -v - p - x = -3*v, 4*v - 57 = -p. What is the tens digit of v?
1
Let u be -1 + 2 + 1 + -2. Let m(g) = g + 14. What is the units digit of m(u)?
4
Suppose 3*v - 2*v = 0. Suppose -2*s + 5 + 1 = v. Suppose -y + 3*h = -12 - 15, 5*h - 11 = -s*y. What is the units digit of y?
2
Let i(a) = -2*a**3 - a**2 - 3*a - 2. What is the tens digit of i(-2)?
1
What is the tens digit of (0 + 2/4)/((-2)/(-236))?
5
Suppose 3*q - 42 - 84 = 0. Let x = -54 + 25. Let i = x + q. What is the tens digit of i?
1
Suppose 0 = 3*g - 5*x - 32, -g + x = -4 - 4. Let o = 9 - g. What is the units digit of o?
5
Suppose 5*m + 4 = 14. Let t be 2/8 + 147/(-12). Let h = m - t. What is the units digit of h?
4
Suppose -b + 1 = -3*k + 4, 3*b - 5 = 2*k. Let t = -101 - -158. Suppose j + j + t = 3*u, -4*j = b*u - 57. What is the units digit of u?
9
Suppose -11*o + 2403 = 698. What is the tens digit of o?
5
Let t(f) = 23*f**2 - f + 1. What is the tens digit of t(1)?
2
Let j(h) = -h**3 + 7*h**2 - 5*h + 3. Suppose 0 = 2*c - 7*c. Suppose 4*w = 3*w + 3*p, c = w - 5*p + 4. What is the units digit of j(w)?
9
Let x(r) = 8*r**3 + r**2 - 1. Let j be x(-1). What is the units digit of (-6)/j - 45/(-4)?
2
Let l = 100 - 49. What is the units digit of l?
1
Suppose -t - 3*b = -30, 0*t - 132 = -5*t + 3*b. Let y be 10/25 - t/5. What is the tens digit of 1 + 18 - 0/y?
1
Let k be 26/(-8) + (-1)/(-4). Let m be (-1)/k + (-5)/(-3). Suppose m*t = 18 - 2. What is the units digit of t?
8
Let l = -21 - -36. Let x be (-27)/l + 2/(-10). What is the units digit of 0 - (-5 + x/2)?
6
Let l be 135/7 - 6/21. Suppose 3*m = -4*k - k + l, 0 = -4*m + 2*k + 8. What is the units digit of m?
3
Let b(x) = x**3 + x**2 - x. Let g be 24/(-15) + 4/(-10). Let v = g + 3. What is the units digit of b(v)?
1
Let m(w) = 2*w**3 - w**2 + 5*w - 4. Let y be m(3). Suppose 5*x = -2*a + y, -4*x - 5*a + 50 = x. What is the units digit of x?
2
Let w(c) = -c**2 + c + 1. Let n(k) = -11*k**2 - 5*k - 6. Let u(i) = n(i) + 5*w(i). Let x be u(1). What is the units digit of x*1/(0 + -1)?
7
Let o = 10 + -6. Suppose 3*r + 72 = 4*w + o*r, -3*r = -4*w + 72. Suppose -a = -3*a + w. What is the units digit of a?
9
Let r be ((-2)/(-4))/(1/(-24)). Let v = r + 38. What is the tens digit of v?
2
Suppose 9*z = 6*z + 120. Let i = z + -27. What is the tens digit of i?
1
Suppose -2*p = 3*p - 25. What is the units digit of p?
5
Let f be 2/(-1)*18/(-4). Let z = f + -6. Suppose -5*b = -d - 10, 0 = 2*b - 4*d - z - 19. What is the units digit of b?
1
What is the units digit of (-4 - -3)*1*-211?
1
Let a(z) = 2*z - 7. What is the units digit of a(6)?
5
Let u(w) = -w**2 + 5*w + 6. Let g be u(6). Suppose h - 1 = g, 15 = 3*r - h + 7. Suppose 4*x = -2*m + 10, m = r*x - 2 + 17. What is the units digit of m?
9
Suppose 5*y = 2*h + y - 368, -714 = -4*h - 3*y. What is the tens digit of h?
8
Suppose 4*i + 39 = -3*p, -48 = 5*p + i - 0*i. Suppose -10 = -9*d - 55. Let q = d - p. What is the units digit of q?
4
Suppose -6 = 4*b + 2*n, n - 6 = 3*b + 6. Let k(v) = -6 - 4*v**3 + 2*v**2 - 3*v + 2 + 5*v**3 - 2*v. What is the units digit of k(b)?
2
Suppose -n = 3*r + 1, 0*r + 9 = 3*n + 3*r. Suppose -2*p + 20 = 5*i, -n*i - 34 = -3*p - 4. What is the units digit of (8/p)/(1/5)?
4
Suppose 5*k - 7*k = -80. Suppose -4*v + 3*d = -68, -v - v + 3*d = -k. What is the tens digit of v?
1
What is the units digit of 12/(-14)*14/(-3)?
4
Let v(z) = 2*z**2 + 7*z + 5. What is the units digit of v(-4)?
9
Let x = 4 - 0. Suppose 8 = 2*m - 8. Let c = m - x. What is the units digit of c?
4
Let v(q) = -3*q + 3. Let u(j) = 1. Let n(t) = -u(t) + v(t). Let s be n(-2). Suppose -s = -3*x + h + 12, 5*h + 30 = 5*x. What is the units digit of x?
7
Let v be -4*(-3)/6*1. Suppose v*x - 14 = -5*h, 2*x - 5*h + 2 = -2*h. Suppose -4*f - f + o = -7, 0 = -x*f - o. What is the units digit of f?
1
Let j(o) = 4 - 7*o - 1 - o**2 - 1. Let t be j(-7). Suppose t*x + 53 = 2*q - 3*x, -2*q + 4*x = -48. What is the tens digit of q?
1
Let v = 18 + 4. What is the tens digit of v?
2
What is the tens digit of (46/(-10))/(2/(-10))?
2
Let p(n) = 2*n - 3*n**3 + 1 + n**2 + 0*n**3 + 2*n**3 + 4*n**2. Let c(q) = 2*q**2 - 3*q - 4. Let y be c(3). What is the units digit of p(y)?
1
What is the tens digit of 2/(-4)*1 - (-846)/12?
7
Suppose 18*g = 7*g + 1309. What is the units digit of g?
9
Suppose 3*t - 5*k = 2 - 7, -k + 24 = 4*t. Suppose -t*d + 8 = 23. Let g = 5 + d. What is the units digit of g?
2
Suppose 